-25).
-100
Let r(z) = -z**2 - 5*z + 4. Calculate r(-7).
-10
Let p(k) = -10*k**2 + 12*k + 9. Calculate p(-1).
-13
Let z(h) = -h**3 - 7*h**2 + h - 4. Determine z(-7).
-11
Let v(z) = -z**2 - 17*z - 2. Give v(-14).
40
Let n(t) = -t - 51. Give n(-37).
-14
Let w(i) = -61*i - 313. Give w(-5).
-8
Let z(v) = v**3 + 18. Calculate z(0).
18
Let i(w) = -3*w - 27. Calculate i(-10).
3
Let i(z) = z**2 + 2*z - 17. What is i(-7)?
18
Let y(p) = p**3 - p + 2. Give y(2).
8
Let o(i) = 4*i + 36. Give o(-11).
-8
Let j(h) = -9*h + 6. Give j(-5).
51
Let s(h) = -2*h**3 + h**2 - 13*h + 13. Calculate s(1).
-1
Let u(m) = m - 5. What is u(-6)?
-11
Let n(o) = -7*o + 8. Determine n(-1).
15
Let z(n) = n**2 + 10*n + 8. Determine z(-6).
-16
Let y(x) = -13*x**2 + x - 2. Calculate y(2).
-52
Let h(q) = 3*q**3 - 8*q**2 + 7*q. Give h(1).
2
Let a(d) = -d**3 + 16*d**2 - d + 6. Give a(16).
-10
Let c(j) = 4*j**2 - 7*j + 4. Determine c(3).
19
Let j(i) = i**3 - 12*i**2 - 6*i - 20. Give j(13).
71
Let h(p) = 2*p - 10. Calculate h(11).
12
Let j(r) = -22*r + 1. Determine j(1).
-21
Let l(g) = -2*g + 22. Give l(14).
-6
Let f(a) = a**3 + 4*a**2 + 4*a + 10. Give f(-4).
-6
Let c(q) = 16*q**2 - 2. What is c(-2)?
62
Let t(g) = -13*g**3 + g**2. Give t(-2).
108
Let k(f) = -25*f + 120. Give k(5).
-5
Let b(h) = -h**3 - 4*h**2 - 3*h - 1. Give b(-4).
11
Let v(z) = -15*z - 9. Determine v(-4).
51
Let u(z) = -2*z**2 - 17*z - 50. What is u(-4)?
-14
Let d(w) = -w**3 - 17*w**2 - w - 31. Calculate d(-17).
-14
Let t(y) = y**3 - 4*y**2 + 2*y - 13. Give t(4).
-5
Let k(u) = -u**3 - 58*u**2 - 112*u + 5. What is k(-56)?
5
Let i(v) = -3*v + 10. What is i(-6)?
28
Let o(x) = -x**3 - 8*x**2 - 12*x + 6. Determine o(-6).
6
Let h(m) = 3*m + 17. Determine h(-6).
-1
Let m(p) = p**3 - 7*p**2 + p - 4. Determine m(7).
3
Let b(s) = s**3 + 6*s**2 + 9*s - 4. What is b(-5)?
-24
Let u(a) = -6*a**2 - 11*a + 11. What is u(1)?
-6
Let l(d) = -5*d**2 - 56*d + 31. Calculate l(-11).
42
Let d(o) = -7*o - 14. Determine d(2).
-28
Let s(n) = -n + 1. Determine s(5).
-4
Let c(z) = z**2 - 3*z - 27. What is c(10)?
43
Let l(x) = 2*x**2 + 27*x + 17. Give l(-13).
4
Let h(i) = i**3 + 3*i**2 - 5*i - 2. What is h(-3)?
13
Let z(t) = t**3 + 2*t**2 - 18*t - 45. Give z(-4).
-5
Let a(q) = q**2 + 8*q - 5. Give a(-7).
-12
Let m(n) = -n**3 + 6*n**2 - 1. What is m(5)?
24
Let x(h) = -h**3 + 6*h**2 - 7*h + 3. Determine x(5).
-7
Let a(k) = k**2 - 11*k + 4. Give a(9).
-14
Let v(l) = l**2 - 2*l. Give v(-1).
3
Let i(k) = -2*k**2 + 5*k + 56. Calculate i(7).
-7
Let d(m) = -m**3 - 2*m**2 + m - 2. Calculate d(0).
-2
Let o(a) = -18*a. Give o(0).
0
Let j(a) = -10*a - 3. Give j(-3).
27
Let d(u) = u**3 + 18*u**2 + 26*u - 101. Give d(-16).
-5
Let k(c) = c**3 - 3*c**2 - c + 3. Determine k(3).
0
Let d(c) = c**2 + 9*c + 12. Determine d(-5).
-8
Let t(y) = y**2 - 11*y - 26. Determine t(13).
0
Let k(p) = -p**3 - 5*p**2 + 24*p + 49. Determine k(4).
1
Let y(i) = -4*i. What is y(6)?
-24
Let c(u) = u**2 - 13*u - 13. What is c(10)?
-43
Let a(r) = 13*r**3 - r**2 - r - 1. Give a(-1).
-14
Let v(y) = y - 20. Calculate v(15).
-5
Let y(p) = p**2 + 19*p - 1. Determine y(-19).
-1
Let s(x) = 171*x - 848. Calculate s(5).
7
Let d(l) = 9*l + 18. What is d(-4)?
-18
Let h(y) = y**2 - y - 23. Give h(0).
-23
Let s(u) = u**2 + 58*u + 116. Determine s(-56).
4
Let k(b) = -b**2 - 27*b - 30. Determine k(-26).
-4
Let a(u) = u**2 + 10*u + 8. Determine a(-8).
-8
Let b(x) = -x**3 - 9*x**2 - 11*x + 16. Determine b(-7).
-5
Let p(d) = -d**3 + 24*d**2 - 33*d + 188. What is p(23)?
-42
Let q(d) = d**2 + 2*d - 228. Calculate q(-16).
-4
Let v(z) = -z**2 + 5*z - 7. What is v(6)?
-13
Let n(a) = a**2 - 17*a + 48. Give n(18).
66
Let r(w) = w - 41. Determine r(6).
-35
Let a(j) = 18*j + 21. What is a(-1)?
3
Let o(f) = 8*f**2 - 4*f - 4. Determine o(-1).
8
Let d(f) = 9*f + 137. Give d(-17).
-16
Let t(j) = 3*j**2 - 7*j - 15. Calculate t(-2).
11
Let o(h) = -8*h + 12. What is o(6)?
-36
Let h(u) = u**2 - 20*u + 23. Calculate h(19).
4
Let b(t) = -t**3 + 11*t**2 + 25*t - 12. Give b(13).
-25
Let h(n) = -7*n**2 - 6*n + 2. What is h(1)?
-11
Let v(r) = -r**2 + 7*r - 16. Give v(7).
-16
Let z(n) = -n**3 + 2*n**2 + 2*n + 1. Determine z(-1).
2
Let j(w) = 5*w**2 + 41*w + 12. Give j(-8).
4
Let d(w) = -w**2 + 24*w + 25. Give d(25).
0
Let z(p) = -p**3 + 5*p**2 + 12*p + 18. What is z(7)?
4
Let b(a) = a**2 + 11*a - 6. Give b(-3).
-30
Let a(p) = p**3 - 29*p**2 - 63*p + 29. Calculate a(31).
-2
Let b(w) = -w**3 + 2*w**2 + 64*w + 8. Calculate b(-7).
1
Let p(b) = -b**3 + 25*b**2 + 32*b - 165. Calculate p(26).
-9
Let g(c) = -6*c - 3. What is g(-4)?
21
Let r(z) = 20*z - 1. Calculate r(-1).
-21
Let p(u) = 11*u - 36. What is p(5)?
19
Let f(x) = x**2 - 33*x + 91. Give f(30).
1
Let u(x) = -x**3 - 15*x**2 - 60*x - 25. What is u(-8)?
7
Let s(r) = 24*r**2 - 693*r - 93. Determine s(29).
-6
Let y(g) = g**3 - 6*g**2 + 4*g - 16. Calculate y(5).
-21
Let o(n) = n**2 - 10*n - 8. Give o(11).
3
Let g(l) = -5*l + 7. Calculate g(1).
2
Let x(j) = -j**2 + 5. Determine x(-3).
-4
Let b(z) = -z**2 - 3*z + 127. Calculate b(10).
-3
Let m(a) = 14*a + 65. Give m(-4).
9
Let i(m) = -m**3 - 3*m**2 + 7*m + 2. Give i(-5).
17
Let v(c) = 17*c - 153. Give v(9).
0
Let l(a) = -2*a + 7. Determine l(-12).
31
Let h(p) = -34*p + 79. Calculate h(2).
11
Let h(k) = -2*k**3 - 8*k**2 - 4*k - 14. Calculate h(-4).
2
Let g(k) = -10*k. Give g(1).
-10
Let t(k) = 4*k**2 - 7*k - 9. Calculate t(-1).
2
Let h(s) = -s**3 - 10*s**2 + 14*s - 8. Determine h(-11).
-41
Let f(o) = -4*o + 24. Calculate f(9).
-12
Let i(s) = s**2 - 7*s + 7. What is i(5)?
-3
Let k(c) = c**3 + 11*c**2 + 24*c - 11. What is k(-8)?
-11
Let a(k) = -2*k**2 + 6*k + 21. Determine a(6).
-15
Let s(g) = g - 19. What is s(15)?
-4
Let a(l) = l**2 + 6*l + 2. Calculate a(-3).
-7
Let u(l) = 3*l - 3. What is u(1)?
0
Let w(b) = b**2 - 4*b - 4. Give w(-1).
1
Let c(p) = -p + 21. Determine c(0).
21
Let j(u) = u**3 + u**2 - u - 5. Give j(0).
-5
Let m(l) = -l**2 - 6*l - 2. Give m(-6).
-2
Let y(a) = -2*a - 5. Determine y(-12).
19
Let t(h) = 7*h**3 - 3*h**2 - 3*h - 1. Calculate t(-1).
-8
Let a(c) = -c**3 + 9*c**2 - 2*c + 24. Calculate a(9).
6
Let o(l) = l**2 + 7*l - 166. Determine o(10).
4
Let f(t) = -t**2 - 4*t - 6. What is f(-5)?
-11
Let w(u) = 27*u - 59. What is w(2)?
-5
Let a(y) = y**2 - 13. Determine a(-9).
68
Let x(l) = l**3 + 7*l**2 + 8*l + 11. Calculate x(-6).
-1
Let d(p) = p**2 - 41*p - 92. Determine d(43).
-6
Let w(g) = -3*g**3 - g**2 + 1. What is w(1)?
-3
Let n(q) = -11*q - 13. Give n(-2).
9
Let d(z) = z**3 - 11*z**2 + 3*z - 7. Give d(11).
26
Let i(c) = -3*c - 1. Determine i(-1).
2
Let q(z) = -4*z + 3. Give q(10).
-37
Let o(y) = y - 8. Calculate o(11).
3
Let c(i) = -2*i - 70. Calculate c(-29).
-12
Let l(u) = -u**2 - 11. Determine l(0).
-11
Let q(p) = 2*p + 5. Calculate q(-6).
-7
Let c(q) = -7*q - 26. Give c(-7).
23
Let p(g) = -g**2 - 9*g + 3. Calculate p(-4).
23
Let d(l) = -2*l**2 - 26*l + 6. Calculate d(-11).
50
Let c(v) = v**3 - v - 2. What is c(0)?
-2
Let b(q) = 4*q**2 + 24*q + 12. Give b(-8).
76
Let w(i) = 8*i + 95. What is w(-11)?
7
Let c(g) = 5*g + 153. Determine c(-31).
-2
Let h(y) = -y**3 + y**2 + 34. What is h(0)?
34
Let a(n) = -n**3 + 14*n**2 + 12*n - 4. Calculate a(15).
-49
Let f(z) = -z**3 + 11*z**2 - 5*z - 20. Give f(10).
30
Let j(b) = -4*b**3 + b**2 - 2*b + 2. Calculate j(1).
-3
Let u(x) = -x**3 - 4*x**2 + 11*x - 4. Calculate u(-6).
2
Let u(h) = 18*h**2 + 4*h - 3. Calculate u(1).
19
Let p(f) = -9*f - 132. What is p(-13)?
-15
Let i(q) = -q**2 - 8*q - 9. What is i(-7)?
-2
Let o(r) = -3*r**3 + 4*r**2 - r. Determine o(1).
0
Let n(g) = g**2 - 2*g - 40. Calculate n(6).
-16
Let c(r) = r**3 + 2*r**2 + 11*r + 26. Calculate c(-3).
-16
Let k(x) = -19*x - 626. Calculate k(-33).
1
Let m(v) = -v**2 - 4*v + 11. What is m(-6)?
-1
Let k(x) = 18*x + 5. Calculate k(2).
41
Let d(x) = -x + 2. Determine d(0).
2
Let x(t) = -t**3 + 12*t**2 + 190*t - 18. Give x(21).
3
Let d(x) = -37*x - 43. Determine d(-1).
-6
Let r(m) = 22*m + 165. Determine r(-9).
-33
Let k(n) = -n**3 - n**2 + 2*n + 4. Calculate k(2).
-4
Let c(j) = -3*j**3 + 8*j**2 - 6. Determine c(2).
2
Let v(a) = a + 4. Give v(1).
5
Let i(s) = 57*s + 173. Calculate i(-3).
2
Let p(y) = -y**3 + y - 4. Determine p(-3).
20
Let g(u) = -3*u**3 + 13*u**2 - 12*u + 5. Calculate g(2).
9
Let q(o) = o**3 - 7*o**2 - 3